 a - 1. Let l be (2/4)/((-10)/(-20)). What is b(l)?
3
Let i(b) = b**3 + 12*b**2 - 6*b**2 - 12*b**2 - 1 + b. Give i(5).
-21
Suppose -r = -0*o + o + 2, r = -3*o + 2. Let y = 1 + o. Let i(s) = -2*s**3 + 3*s**2 - 1 + 3*s**3 + y*s + 5. Calculate i(-3).
-5
Let t(g) be the second derivative of g**6/360 + g**5/20 + 7*g**4/24 + 5*g**3/6 - 2*g. Let j(i) be the second derivative of t(i). Calculate j(-6).
7
Suppose -5*m + j = -31, 4*m + 4 = -4*j + 24. Suppose -8 = 4*d - 4*l, 2*l = 3*d + 3*l + m. Let c be 2/(1 + 1/d). Let k(b) = -b**3 + 4*b**2 + 2*b - 3. Give k(c).
5
Let o(k) be the third derivative of -1/24*k**4 + 0*k**3 - 4*k**2 + 0 + 0*k. Give o(-1).
1
Let c be 5*(-1)/(-1)*-1. Let f = 8 + -4. Let y(d) = -3*d + d**2 + 0*d + 7 + 4*d**2 + f*d + d**3. Calculate y(c).
2
Let s(l) be the second derivative of -l**3/3 + 3*l**2 - l. Suppose u + 18 = 4*b, -u + 2 = b - 0*u. What is s(b)?
-2
Let o(v) = 6*v**2 + 11*v + 8. Let u(m) = 7*m**2 + 12*m + 9. Let k(f) = -6*o(f) + 5*u(f). Give k(-6).
-3
Let a(y) = -10*y + 13. Let z(u) = -9*u + 12. Let m(p) = -6*a(p) + 7*z(p). Suppose 5*v - 2 = -0*j + 2*j, v = j - 2. Determine m(j).
-6
Let t = 3 + 1. Suppose 0 = 3*w - t - 2. Let n(f) = 1 + f + f**w - f + f. Give n(-3).
7
Let l(q) = -25*q + 34*q - 1 + 2*q**2 - 3*q**2. Give l(8).
7
Let p(h) be the first derivative of -h**3/3 + 5*h**2/2 - 7*h + 1. Suppose 3 = x + 2*m - 0*m, -2*m - 27 = -5*x. Calculate p(x).
-7
Let f be (-108)/(-45) - 4/10. Let a(r) = -r**3 + 4*r**f + 1 + 2 - 9*r + 6 + 5*r**2. Give a(8).
1
Let b(c) = -c + 2. Suppose -29*h = -9*h - 80. Calculate b(h).
-2
Let b(x) = -x**2 - 6*x - 4. Let k be b(0). Let w(d) = 5 + 0 + 2*d - d. Give w(k).
1
Suppose 5*w - 10 = 4*k - 5*k, 0 = -2*k + w + 9. Suppose k*x - 3 = 7. Let r(g) = g**2 - 2*g + 1. What is r(x)?
1
Let i be (2/4)/((-1)/(-10)). Suppose 4 = 3*k - i. Let t(y) be the third derivative of y**5/60 - y**3/6 + 3*y**2. What is t(k)?
8
Let w(h) be the third derivative of -5*h**2 + 0*h + 1/6*h**3 + 0 - 1/24*h**4. Let a be (-4)/8 + 10/4. What is w(a)?
-1
Suppose 2 = 3*u - 2*u. Let s(o) = -9 + 3*o**2 - 4*o**u - 4*o + 2. Let w = -56 - -51. What is s(w)?
-12
Suppose -3*g + 1 = 25. Let q = -10 - g. Let c(m) = -2 - 2*m**2 + m**3 - 3*m + 0*m + m**2. Give c(q).
-8
Let t(o) = o + 6. Let f be t(-6). Suppose -4*d - 4 = -f*d. Let p(u) = 3*u - 1. Calculate p(d).
-4
Let s(c) = -5*c + 6. Suppose 5*i + 5 = -4*t, t + i = -3*t - 17. Let z(b) = -6*b + 7. Let j(w) = t*s(w) + 4*z(w). Let r = -69 - -69. What is j(r)?
-2
Let d = -6 + 10. Suppose 0*j - d = 4*j. Let r(u) = 6*u**3 + u**2. What is r(j)?
-5
Let b = 37 + -37. Let o(c) = -c + 6. Determine o(b).
6
Let a(t) be the first derivative of t**6/360 + t**5/60 - t**4/6 + t**3 - 6. Let r(u) be the third derivative of a(u). Calculate r(-4).
4
Suppose -5*n = -n - q + 4, 0 = q - 4. Let g(a) = 6*a - 2*a - a**2 + n*a**2. Determine g(4).
0
Let a be -2*2*5/4. Let l be a/(-4) + (-2)/8. Let u = l + -2. Let d(v) = 5*v**3 - v**2 + 1. Calculate d(u).
-5
Let m(b) = -6*b + 1. Let c(r) = -r**2 - r + 3. Let t be c(-2). Give m(t).
-5
Let s(d) = d**3 + 4*d**2 - 7*d - 7. Let g(l) = 6*l - 4*l**2 - l**3 - 2*l**2 - 10 + 4. Let q be g(-7). Suppose h - 11 = 3*r, 3*r + 6 = 2*h - q. Give s(r).
3
Let g = 1 - 1. Suppose g = c - 4 + 2. Suppose -c*l = 3 - 1. Let n(y) = 3*y**2 + y + 1. Give n(l).
3
Let d(u) = -u**3 + 3*u + 5. Suppose -3*k = -5*w - 28, -4*k - 11 = -w + 4*w. Let x(b) = 2*b**3 - 4*b - 6. Let c(h) = w*d(h) - 4*x(h). Calculate c(1).
-3
Let t be (51/(-45) - -1) + (-1056)/180. Let z(u) = 3*u**2 + 3*u - 2. Let v(a) = 7*a**2 + 5*a - 4. Let n(w) = 2*v(w) - 5*z(w). Calculate n(t).
-4
Suppose 0 = -11*l - 12 - 21. Let y(r) = r**2 + r - 2. Give y(l).
4
Let n(o) = -5*o**2 + o - 1. Let z = -5 - -6. Let r(p) = p**2 + p - 1. Let c be r(z). Let s be n(c). Let i(l) = l**2 + 8*l + 7. Give i(s).
-8
Let z(w) = 376 - 190 - 190 - w - 3*w**2 + w**3. Give z(3).
-7
Let g(x) = -2*x - 6*x + 5*x - 7*x. Calculate g(2).
-20
Let y(i) = 2*i - 1. Let n(r) = r - 4. Let k be n(9). Suppose -22 = 3*g - k*g - 5*u, 10 = 5*u. Let m = g - 8. What is y(m)?
-5
Let p be -1 - (-2 + -1 - -1). Let u(n) = 3*n + 1. What is u(p)?
4
Let n(t) = 2*t**3 + t - 5. Let g(r) = -r**3 + 1. Let b(w) = -3*g(w) - n(w). Suppose 181*a - 6 = 184*a. Determine b(a).
-4
Let t(c) = c**2 - 2*c - 2. Let b be t(3). Suppose 2*k = -3*k + 15. Let s(q) = 2 + k*q + 0 + 3*q - 3. What is s(b)?
5
Let l(n) = -n**3 - n**2 + n + 6. Let b(h) = h**3 - 19*h**2 + 19*h - 18. Let c be b(18). Give l(c).
6
Let p be 4/3*(-36)/8. Let j(i) = -i**3 - 6*i**2 - i - 6. Calculate j(p).
0
Let n be 0 + (0 + 12)/3. Suppose -n*s = -0*s - 84. Let z be 36/s - (-2)/7. Let o(m) = m**3 - 3*m + 1. Calculate o(z).
3
Suppose 5*j + 19 = -5*l - 16, 5*j + 5 = 0. Let k(c) = c + 6. Let a be k(l). Let s(r) = r**3 - r**2 - 4. Determine s(a).
-4
Let z(y) be the third derivative of -y**7/420 + y**6/90 - y**5/40 + y**4/24 + y**3/3 + 5*y**2. Let c(v) be the first derivative of z(v). Calculate c(2).
-5
Let x(k) be the third derivative of -k**6/120 + k**5/12 + 7*k**4/24 + k**3/6 + 23*k**2. What is x(6)?
7
Suppose 5*a = -p - 4, a + 5 = 8*p - 4*p. Let q = p + -1. Suppose 3*b + 8 + 7 = q. Let y(z) = z**2 + 5*z - 2. Calculate y(b).
-2
Let f(h) = -38*h**2 + 8*h + 3 + 19*h**2 + 28*h**2 + h**3. Determine f(-8).
3
Let y(r) be the second derivative of -r**4/12 + r**3 - 3*r**2/2 - 17*r. Give y(5).
2
Let c(i) = 8*i + 3. Let q(m) = 7*m + 3. Let g(w) = 3*c(w) - 4*q(w). What is g(-2)?
5
Let w(t) = -t + 4. Let j be w(2). Let b(u) = 3*u - 4*u + 0 + 5 - j. Calculate b(3).
0
Let n(v) be the second derivative of -v**4/12 + 2*v**3/3 - 5*v**2/2 - 2*v. Suppose 6*u = 7*u - 4. Calculate n(u).
-5
Let y be (-4)/(-6)*(2 - -1). Let t(a) = 5*a**y + 1 + 0*a**2 + 1 - 2*a**2 + 3*a. Give t(-2).
8
Let j be -5 - -4 - (-2 + (-1)/(-1)). Let d(g) be the first derivative of 2 + j*g + 1/2*g**2. What is d(-3)?
-3
Suppose m = -3*m + 4*l + 128, -m + 3*l + 26 = 0. Suppose m = 3*b - 4. Let x be b/3 - (-6)/9. Let j(v) = v - 11. What is j(x)?
-6
Let g(v) = -v**2 + 7*v + 6. Let d(i) = 2*i**2 + 14*i + 17. Let a be d(-6). Determine g(a).
16
Let s = 4 + 0. Suppose s*f - 1 = -4*b + 3, 0 = -b - 2. Let g(n) = 2*n + n**3 - 4*n**2 + 4*n + 0 - 2 - 2*n. What is g(f)?
1
Let h(x) = x**2 + 7*x + 2. Suppose -3*q = 4*i - 54, q - 4*q - 2*i = -54. Let l = q - 23. What is h(l)?
-8
Let r = 8 + -20. Let k be r/6 + (-1 - -1). Let y(n) = -2*n + 3. Let t(g) = -g + 3. Let z(d) = -6*t(d) + 5*y(d). What is z(k)?
5
Let z(g) be the second derivative of -g**5/20 - 5*g**4/12 - 2*g**3/3 - 5*g**2/2 - 8*g. Calculate z(-4).
-5
Let v(p) = p**2 - p - 1. Suppose -q + 6*q = 0. Suppose -4*x + x + 12 = 0. Suppose 0 = -2*h - x*t + 20 - q, -5*h - 5 = -t. Determine v(h).
-1
Let y(o) be the second derivative of -o**4/12 + o**3/6 - o**2 + 4*o. Give y(-2).
-8
Let p(j) be the first derivative of 2 - 1/2*j**2 + j. What is p(3)?
-2
Let w(o) = -7*o**2 + 5*o - 6 + o**3 + 0 + 2*o. Calculate w(6).
0
Let r(u) = 13*u - u - 4*u - 7*u + 3. Give r(-6).
-3
Let i(k) = -k**2 - 4*k + 6. Let h be i(-5). Suppose 0 = -2*q + 3*q - h. Let a(l) = l**3 - l. What is a(q)?
0
Let j(u) = u**2 - 6*u + 7. Let l(z) = -z**3 + 7*z**2 - 7*z + 12. Let t be l(6). What is j(t)?
7
Suppose -5*z + 33 = 4*w, 4*w - 21 = -z - 8. Let m(d) = -3*d + 6. Determine m(z).
-9
Let d(g) = -84*g**2 - 1 + 2*g + 162*g**2 - 79*g**2. Calculate d(5).
-16
Let z be ((-3)/1)/((-2)/(-2)). Let m = 6 + z. Suppose -u = -0*u - m. Let j(c) = c**3 - 2*c**2 - 5*c + 4. Calculate j(u).
-2
Let l(t) = -2*t - 3. Let q be (-1 + 3 - 4) + -12. Let a be (-5)/(-10) - q/(-4). What is l(a)?
3
Let i(j) be the third derivative of -7*j**4/24 - j**3/2 + 25*j**2. Calculate i(-3).
18
Let v(s) = -s + 3. Suppose -21 = -7*g + 4*g. What is v(g)?
-4
Let n(w) = w**3 + 5*w**2 + 3*w + 2. Let j(x) = x**3 - 5*x**2 + 3*x + 6. Let i be j(3). Calculate n(i).
11
Let o(z) = z - z**3 + 4*z**2 - 3*z - z - 3. Give o(4).
-15
Let h(c) = -c**3 - 8*c**2 - 7*c. Let b be h(-7). Let o = b + 1. Let q(a) = -a + 13*a**3 - 17*a**2 + 29*a**2 - 13*a**2 + 1. Give q(o).
12
Let x(j) be the first derivative of -j**3/3 + j**2 - 27. Determine x(2).
0
Let q(n) = -n**3 + 4*n**2 - 4*n + 2. Let v be q(2). Suppose -10 = 2*o - v. Let h(z) = -z**3 - 5*z**2 - 3*z - 2. Calculate h(o).
-6
Let x(h) be the second derivative of -h**5/20 + h**4/12 + h**2/2 - 60*h.